{"id":19126,"date":"2025-10-21T16:31:07","date_gmt":"2025-10-21T14:31:07","guid":{"rendered":"https:\/\/bodegashidalgolagitana.com\/visitas\/?post_type=product&#038;p=19126"},"modified":"2026-04-28T12:29:28","modified_gmt":"2026-04-28T10:29:28","slug":"experiencia-gourmet-entrebotas","status":"publish","type":"product","link":"https:\/\/bodegashidalgolagitana.com\/visitas\/experiencia\/experiencia-gourmet-entrebotas\/","title":{"rendered":"EXPERIENCIA GOURMET ENTREBOTAS"},"content":{"rendered":"<p>Vino de bienvenida, una copa en la mano y un paseo sin prisas por patios y bodegas bicentenarias. En nuestra BODEGA CATEDRAL cataremos dos Manzanillas en Rama directamente de la bota y Oloroso Fara\u00f3n, para finalizar en Restaurante EntreBotas (ubicado en nuestro patio) con Cream Alameda y aperitivos gourmet, adem\u00e1s de un men\u00fa elaborado con productos de la tierra y maridado con nuestros mejores vinos. Una experiencia enogastron\u00f3mica inolvidable.<\/p>\n<p>&nbsp;<\/p>\n<p>MEN\u00da:<\/p>\n<p>Mini aperitivos (Chicharrones de Chiclana, rega\u00f1\u00e1 de at\u00fan rojo trufado y quesos de C\u00e1diz)<\/p>\n<p>A compartir:<\/p>\n<p>Focaccia de corvina a la rote\u00f1a.<\/p>\n<p>Langostinos con tomate y huevo a baja temperatura.<\/p>\n<p>Individual:<\/p>\n<p>Arroz negro con cigalas.<\/p>\n<p>Postre:<\/p>\n<p>Sopa de pi\u00f1a osmotizada al Palo Cortado Wellington.<\/p>\n<p>&nbsp;<\/p>\n<p>(Incluye maridaje de nuestros vinos durante toda la comida, hasta el postre).<\/p>\n","protected":false},"excerpt":{"rendered":"<p>Una visita guiada con cata de cinco vinos a pie de bota y un men\u00fa gourmet con maridaje de nuestros vinos en Restaurante EntreBotas. Un plan perfecto. <strong>Precio por persona<\/strong>.<\/p>\n<p>&nbsp;<\/p>\n<p>Incluye: VISITA Y CATA DE 5 VINOS + MEN\u00da CON MARIDAJE INCLUIDO.<\/p>\n<p>&nbsp;<\/p>\n<p>&nbsp;<\/p>\n","protected":false},"featured_media":19173,"template":"","meta":[],"product_brand":[],"product_cat":[67],"product_tag":[],"class_list":{"0":"post-19126","1":"product","2":"type-product","3":"status-publish","4":"has-post-thumbnail","6":"product_cat-bonos","7":"description-off","9":"first","10":"instock","11":"downloadable","12":"virtual","13":"purchasable","14":"product-type-simple"},"_links":{"self":[{"href":"https:\/\/bodegashidalgolagitana.com\/visitas\/wp-json\/wp\/v2\/product\/19126","targetHints":{"allow":["GET"]}}],"collection":[{"href":"https:\/\/bodegashidalgolagitana.com\/visitas\/wp-json\/wp\/v2\/product"}],"about":[{"href":"https:\/\/bodegashidalgolagitana.com\/visitas\/wp-json\/wp\/v2\/types\/product"}],"wp:featuredmedia":[{"embeddable":true,"href":"https:\/\/bodegashidalgolagitana.com\/visitas\/wp-json\/wp\/v2\/media\/19173"}],"wp:attachment":[{"href":"https:\/\/bodegashidalgolagitana.com\/visitas\/wp-json\/wp\/v2\/media?parent=19126"}],"wp:term":[{"taxonomy":"product_brand","embeddable":true,"href":"https:\/\/bodegashidalgolagitana.com\/visitas\/wp-json\/wp\/v2\/product_brand?post=19126"},{"taxonomy":"product_cat","embeddable":true,"href":"https:\/\/bodegashidalgolagitana.com\/visitas\/wp-json\/wp\/v2\/product_cat?post=19126"},{"taxonomy":"product_tag","embeddable":true,"href":"https:\/\/bodegashidalgolagitana.com\/visitas\/wp-json\/wp\/v2\/product_tag?post=19126"}],"curies":[{"name":"wp","href":"https:\/\/api.w.org\/{rel}","templated":true}]}}