{"id":6883,"date":"2022-01-12T10:55:09","date_gmt":"2022-01-12T09:55:09","guid":{"rendered":"https:\/\/bodegashidalgolagitana.com\/visitas\/producto\/noches-en-rama-visita-cata-y-cena-degustacion\/"},"modified":"2026-04-29T08:26:32","modified_gmt":"2026-04-29T06:26:32","slug":"noches-en-rama-visita-cata-y-cena-degustacion","status":"publish","type":"product","link":"https:\/\/bodegashidalgolagitana.com\/visitas\/experiencia\/noches-en-rama-visita-cata-y-cena-degustacion\/","title":{"rendered":"NOCHE EN RAMA (VISITA, CATA Y CENA DEGUSTACI\u00d3N EN BODEGA CATEDRAL CON M\u00daSICA EN DIRECTO)"},"content":{"rendered":"<p>Vive una experiencia \u00fanica, exclusiva y muy rom\u00e1ntica. Un <strong>paseo bodeguero<\/strong> sin prisas y entre velas, una <strong>cata de Manzanillas en Rama<\/strong> directamente de la bota con venencia, y una cena en el coraz\u00f3n de nuestra BODEGA CATEDRAL con <strong>men\u00fa degustaci\u00f3n y maridaje<\/strong> comentado de nuestros vinos m\u00e1s selectos. 7 platos y 7 vinos seleccionados con mimo para maridar cada pase. Ambientada con m\u00fasica en directo.<\/p>\n<p>&nbsp;<\/p>\n<p>* Previa reserva. La celebraci\u00f3n de la experiencia quedar\u00e1 sujeta a un m\u00ednimo de comensales. Si tuviera alg\u00fan problema con alergias o intolerancias contacte con nosotros antes de la celebraci\u00f3n del evento por favor.<\/p>\n<p>&nbsp;<\/p>\n<p><strong><em>MEN\u00da:<\/em><\/strong><\/p>\n<p>&nbsp;<\/p>\n<p><strong><em>Rega\u00f1\u00e1 de at\u00fan rojo de almadraba trufada.<\/em><\/strong><\/p>\n<p>&nbsp;<\/p>\n<p><strong><em>Falso &#8216;serranito&#8217; de Simmental y foie con mayonesa de pimientos &#8216;cuernocabra&#8217; de &#8216;La Algaida&#8217; y queso payoyo.<\/em><\/strong><\/p>\n<p>&nbsp;<\/p>\n<p><strong><em>Focaccia de corvina a la rote\u00f1a y emulsi\u00f3n de cilantro.<\/em><\/strong><\/p>\n<p>&nbsp;<\/p>\n<p><strong><em>Zamburi\u00f1a estilo THAI con &#8216;Manzanilla La Gitana&#8217;.<\/em><\/strong><\/p>\n<p>&nbsp;<\/p>\n<p><strong><em>Canel\u00f3n de perdiz en escabeche.<\/em><\/strong><\/p>\n<p>&nbsp;<\/p>\n<p><strong><em>Langostinos de Sanl\u00facar con tomate, curry y toque c\u00edtrico.<\/em><\/strong><\/p>\n<p>&nbsp;<\/p>\n<p><strong><em>Sopa de pi\u00f1a osmotizada al &#8216;Palo Cortado Wellington&#8217;.<\/em><\/strong><\/p>\n<p>&nbsp;<\/p>\n","protected":false},"excerpt":{"rendered":"<p><b>PR\u00d3XIMAS FECHAS 2026:\u00a0<\/b><\/p>\n<p>24 abril (COMPLETO), 29 mayo (COMPLETO), 26 junio (COMPLETO), 17 julio, 24 julio, 4 septiembre, 9 octubre.<\/p>\n<p>Hora: 20:00H<\/p>\n<p>Previa reserva.<\/p>\n","protected":false},"featured_media":6884,"template":"","meta":[],"product_brand":[],"product_cat":[53],"product_tag":[],"class_list":{"0":"post-6883","1":"product","2":"type-product","3":"status-publish","4":"has-post-thumbnail","6":"product_cat-visitas","7":"description-off","9":"first","10":"instock","11":"virtual","12":"sold-individually","13":"purchasable","14":"product-type-booking"},"_links":{"self":[{"href":"https:\/\/bodegashidalgolagitana.com\/visitas\/wp-json\/wp\/v2\/product\/6883","targetHints":{"allow":["GET"]}}],"collection":[{"href":"https:\/\/bodegashidalgolagitana.com\/visitas\/wp-json\/wp\/v2\/product"}],"about":[{"href":"https:\/\/bodegashidalgolagitana.com\/visitas\/wp-json\/wp\/v2\/types\/product"}],"wp:featuredmedia":[{"embeddable":true,"href":"https:\/\/bodegashidalgolagitana.com\/visitas\/wp-json\/wp\/v2\/media\/6884"}],"wp:attachment":[{"href":"https:\/\/bodegashidalgolagitana.com\/visitas\/wp-json\/wp\/v2\/media?parent=6883"}],"wp:term":[{"taxonomy":"product_brand","embeddable":true,"href":"https:\/\/bodegashidalgolagitana.com\/visitas\/wp-json\/wp\/v2\/product_brand?post=6883"},{"taxonomy":"product_cat","embeddable":true,"href":"https:\/\/bodegashidalgolagitana.com\/visitas\/wp-json\/wp\/v2\/product_cat?post=6883"},{"taxonomy":"product_tag","embeddable":true,"href":"https:\/\/bodegashidalgolagitana.com\/visitas\/wp-json\/wp\/v2\/product_tag?post=6883"}],"curies":[{"name":"wp","href":"https:\/\/api.w.org\/{rel}","templated":true}]}}

NOCHE EN RAMA (VISITA, CATA Y CENA DEGUSTACIÓN EN BODEGA CATEDRAL CON MÚSICA EN DIRECTO)

<p>Vive una experiencia única, exclusiva y muy romántica. Un <strong>paseo bodeguero</strong> sin prisas y entre velas, una <strong>cata de Manzanillas en Rama</strong> directamente de la bota con venencia, y una cena en el corazón de nuestra BODEGA CATEDRAL con <strong>menú degustación y maridaje</strong> comentado de nuestros vinos más selectos. 7 platos y 7 vinos seleccionados con mimo para maridar cada pase. Ambientada con música en directo.</p>
<p>&nbsp;</p>
<p>* Previa reserva. La celebración de la experiencia quedará sujeta a un mínimo de comensales. Si tuviera algún problema con alergias o intolerancias contacte con nosotros antes de la celebración del evento por favor.</p>
<p>&nbsp;</p>
<p><strong><em>MENÚ:</em></strong></p>
<p>&nbsp;</p>
<p><strong><em>Regañá de atún rojo de almadraba trufada.</em></strong></p>
<p>&nbsp;</p>
<p><strong><em>Falso &#8216;serranito&#8217; de Simmental y foie con mayonesa de pimientos &#8216;cuernocabra&#8217; de &#8216;La Algaida&#8217; y queso payoyo.</em></strong></p>
<p>&nbsp;</p>
<p><strong><em>Focaccia de corvina a la roteña y emulsión de cilantro.</em></strong></p>
<p>&nbsp;</p>
<p><strong><em>Zamburiña estilo THAI con &#8216;Manzanilla La Gitana&#8217;.</em></strong></p>
<p>&nbsp;</p>
<p><strong><em>Canelón de perdiz en escabeche.</em></strong></p>
<p>&nbsp;</p>
<p><strong><em>Langostinos de Sanlúcar con tomate, curry y toque cítrico.</em></strong></p>
<p>&nbsp;</p>
<p><strong><em>Sopa de piña osmotizada al &#8216;Palo Cortado Wellington&#8217;.</em></strong></p>
<p>&nbsp;</p>

<p><b>PRÓXIMAS FECHAS 2026: </b></p>
<p>24 abril (COMPLETO), 29 mayo (COMPLETO), 26 junio (COMPLETO), 17 julio, 24 julio, 4 septiembre, 9 octubre.</p>
<p>Hora: 20:00H</p>
<p>Previa reserva.</p>
