{"id":6890,"date":"2024-09-08T13:09:25","date_gmt":"2024-09-08T11:09:25","guid":{"rendered":"https:\/\/bodegashidalgolagitana.com\/visitas\/producto\/visitasnocturnas\/"},"modified":"2026-04-08T15:03:47","modified_gmt":"2026-04-08T13:03:47","slug":"visitasnocturnas","status":"publish","type":"product","link":"https:\/\/bodegashidalgolagitana.com\/visitas\/experiencia\/visitasnocturnas\/","title":{"rendered":"VISITAS NOCTURNAS"},"content":{"rendered":"<p>Un paseo guiado al atardecer entre botas centenarias, patios en flor y bodegas llenas de esencia. Siempre con la copa en la mano. Un <strong>vino de bienvenida, dos Manzanillas en Rama, Amontillado Napole\u00f3n y Oloroso Fara\u00f3n desde la bota con venencia, <\/strong>con toda su pureza. Ser\u00e1 una experiencia enosensorial \u00fanica. Adem\u00e1s puedes completar tu cata con una <strong>cena<\/strong> en nuestro porche bodeguero con <strong><a href=\"https:\/\/www.entrebotasrestaurante.es\/\">www.entrebotasrestaurante.es<\/a>,<\/strong> ubicado en uno de nuestros patios (recomendamos <a href=\"https:\/\/www.entrebotasrestaurante.es\/\">reservar previamente<\/a>).<\/p>\n<p>&nbsp;<\/p>\n<p><strong>Punto de encuentro<\/strong>: Tienda La Gitana (Calzada Duquesa Isabel, esquina Calle Hermano Ferm\u00edn). Los d\u00edas de lluvia o inclemencias meteorol\u00f3gicas, y de noviembre a febrero, el punto de encuentro ser\u00e1 por Calle Banda de la Playa 40 (Restaurante EntreBotas).<\/p>\n<p>&nbsp;<\/p>\n<p>&nbsp;<\/p>\n<p style=\"font-size: 13px; line-height: 20px; margin-top: 15px; text-transform: uppercase;\"><i>Complete su Experiencia La Gitana con comida o cena en <a href=\"https:\/\/www.entrebotasrestaurante.es\" target=\"_blank\" rel=\"noopener noreferrer\">www.entrebotasrestaurante.es.<\/a><\/i> \u00a0<em>( * Disfrute de un <strong>descuento especial del 10% s\u00f3lo para visitantes<\/strong>, mostrando la confirmaci\u00f3n de su reserva. Cons\u00faltenos condiciones de la promoci\u00f3n.)<\/em><\/p>\n","protected":false},"excerpt":{"rendered":"<p>\u200fVISITA + CATA DE VINOS<\/p>\n<p>Horario:<\/p>\n<p>Jueves (Idioma: ENGLISH)<\/p>\n<p>Viernes (Idioma: ESPA\u00d1OL)<\/p>\n<p>&nbsp;<\/p>\n<p>Del 16 de septiembre al 14 de junio a las 19:00h. Del 15 de junio al 15 de septiembre a las 20:00h.<\/p>\n<p>Duraci\u00f3n: 1h 45min aprox.<\/p>\n<h6><em>* Recomendamos reservar con un m\u00ednimo de 24 horas. IMPORTANTE: La celebraci\u00f3n de la experiencia est\u00e1 sujeta a un grupo m\u00ednimo de participantes. La empresa se guarda el derecho a anular la visita por no cumplir con el n\u00famero m\u00ednimo de participantes necesario para realizarla. (Le har\u00edamos la devoluci\u00f3n del 100% del importe a su tarjeta bancaria). Entrada gratuita para menores de 18 a\u00f1os.\u00a0<\/em><\/h6>\n","protected":false},"featured_media":6891,"template":"","meta":[],"product_brand":[],"product_cat":[53],"product_tag":[],"class_list":{"0":"post-6890","1":"product","2":"type-product","3":"status-publish","4":"has-post-thumbnail","6":"product_cat-visitas","7":"description-off","9":"first","10":"instock","11":"virtual","12":"sold-individually","13":"purchasable","14":"product-type-booking"},"_links":{"self":[{"href":"https:\/\/bodegashidalgolagitana.com\/visitas\/wp-json\/wp\/v2\/product\/6890","targetHints":{"allow":["GET"]}}],"collection":[{"href":"https:\/\/bodegashidalgolagitana.com\/visitas\/wp-json\/wp\/v2\/product"}],"about":[{"href":"https:\/\/bodegashidalgolagitana.com\/visitas\/wp-json\/wp\/v2\/types\/product"}],"wp:featuredmedia":[{"embeddable":true,"href":"https:\/\/bodegashidalgolagitana.com\/visitas\/wp-json\/wp\/v2\/media\/6891"}],"wp:attachment":[{"href":"https:\/\/bodegashidalgolagitana.com\/visitas\/wp-json\/wp\/v2\/media?parent=6890"}],"wp:term":[{"taxonomy":"product_brand","embeddable":true,"href":"https:\/\/bodegashidalgolagitana.com\/visitas\/wp-json\/wp\/v2\/product_brand?post=6890"},{"taxonomy":"product_cat","embeddable":true,"href":"https:\/\/bodegashidalgolagitana.com\/visitas\/wp-json\/wp\/v2\/product_cat?post=6890"},{"taxonomy":"product_tag","embeddable":true,"href":"https:\/\/bodegashidalgolagitana.com\/visitas\/wp-json\/wp\/v2\/product_tag?post=6890"}],"curies":[{"name":"wp","href":"https:\/\/api.w.org\/{rel}","templated":true}]}}